{"id":6933,"date":"2024-04-05T10:49:04","date_gmt":"2024-04-05T13:49:04","guid":{"rendered":"https:\/\/lafamilia.com.ar\/?post_type=product&#038;p=6933"},"modified":"2025-06-11T10:18:34","modified_gmt":"2025-06-11T13:18:34","slug":"caramelos-rellenos-frutales-arcor","status":"publish","type":"product","link":"https:\/\/lafamilia.com.ar\/?product=caramelos-rellenos-frutales-arcor","title":{"rendered":"Caramelos Saquito Frutal x 810 gr"},"content":{"rendered":"<div class=\"product-summary-wrap\">\n<div class=\"row\">\n<div class=\"summary entry-summary col-md-7\">\n<div class=\"description woocommerce-product-details__short-description\">\n<p>Caramelos Rellenos Frutales Arcor Bolsa 810gr.<\/p>\n<\/div>\n<div class=\"product_meta\"><\/div>\n<\/div>\n<p>&nbsp;<\/p>\n<\/div>\n<\/div>\n<div id=\"product-tab\" class=\"woocommerce-tabs woocommerce-tabs-j1a3i0x8 resp-htabs\"><\/div>\n<p>&nbsp;<\/p>\n","protected":false},"excerpt":{"rendered":"<p>\u00a1Descubre la deliciosa explosi\u00f3n de sabor de los Caramelos Rellenos Frutales Arcor! Estos caramelos son perfectos para satisfacer tus antojos dulces y disfrutar de un momento de dulzura. Cada bolsa de 810 gramos est\u00e1 repleta de caramelos frutales irresistibles que te har\u00e1n agua la boca.<\/p>\n<p>Caracter\u00edsticas destacadas:<br \/>\n\u2013 Caramelos rellenos con sabores frutales intensos.<br \/>\n\u2013 Bolsa de 810 gramos, ideal para compartir con amigos y familiares.<br \/>\n\u2013 Sin TACC, perfectos para personas con intolerancia al gluten.<br \/>\n\u2013 Golosinas de alta calidad de la reconocida marca Arcor.<\/p>\n<p>Ya sea que los disfrutes como un regalo especial o simplemente para darte un capricho, estos Caramelos Rellenos Frutales Arcor te brindar\u00e1n una experiencia de sabor \u00fanica. \u00a1No esperes m\u00e1s y a\u00f1\u00e1delos a tu carrito de compras ahora mismo!<\/p>\n","protected":false},"featured_media":6934,"template":"","meta":{"_uag_custom_page_level_css":"","_monsterinsights_skip_tracking":false,"_monsterinsights_sitenote_active":false,"_monsterinsights_sitenote_note":"","_monsterinsights_sitenote_category":0,"_joinchat":[]},"product_cat":[34,22],"product_tag":[],"jetpack_sharing_enabled":true,"uagb_featured_image_src":{"full":["https:\/\/lafamilia.com.ar\/wp-content\/uploads\/2024\/04\/20230824-4713.jpg",600,600,false],"thumbnail":["https:\/\/lafamilia.com.ar\/wp-content\/uploads\/2024\/04\/20230824-4713-150x150.jpg",150,150,true],"medium":["https:\/\/lafamilia.com.ar\/wp-content\/uploads\/2024\/04\/20230824-4713-300x300.jpg",300,300,true],"medium_large":["https:\/\/lafamilia.com.ar\/wp-content\/uploads\/2024\/04\/20230824-4713.jpg",600,600,false],"large":["https:\/\/lafamilia.com.ar\/wp-content\/uploads\/2024\/04\/20230824-4713.jpg",600,600,false],"1536x1536":["https:\/\/lafamilia.com.ar\/wp-content\/uploads\/2024\/04\/20230824-4713.jpg",600,600,false],"2048x2048":["https:\/\/lafamilia.com.ar\/wp-content\/uploads\/2024\/04\/20230824-4713.jpg",600,600,false],"woocommerce_thumbnail":["https:\/\/lafamilia.com.ar\/wp-content\/uploads\/2024\/04\/20230824-4713-300x300.jpg",300,300,true],"woocommerce_single":["https:\/\/lafamilia.com.ar\/wp-content\/uploads\/2024\/04\/20230824-4713-300x300.jpg",300,300,true],"woocommerce_gallery_thumbnail":["https:\/\/lafamilia.com.ar\/wp-content\/uploads\/2024\/04\/20230824-4713-100x100.jpg",100,100,true]},"uagb_author_info":{"display_name":"lafamilia.com.ar","author_link":"https:\/\/lafamilia.com.ar\/?author=0"},"uagb_comment_info":0,"uagb_excerpt":"\u00a1Descubre la deliciosa explosi\u00f3n de sabor de los Caramelos Rellenos Frutales Arcor! Estos caramelos son perfectos para satisfacer tus antojos dulces y disfrutar de un momento de dulzura. Cada bolsa de 810 gramos est\u00e1 repleta de caramelos frutales irresistibles que te har\u00e1n agua la boca. Caracter\u00edsticas destacadas: \u2013 Caramelos rellenos con sabores frutales intensos. \u2013&hellip;","_links":{"self":[{"href":"https:\/\/lafamilia.com.ar\/index.php?rest_route=\/wp\/v2\/product\/6933"}],"collection":[{"href":"https:\/\/lafamilia.com.ar\/index.php?rest_route=\/wp\/v2\/product"}],"about":[{"href":"https:\/\/lafamilia.com.ar\/index.php?rest_route=\/wp\/v2\/types\/product"}],"wp:featuredmedia":[{"embeddable":true,"href":"https:\/\/lafamilia.com.ar\/index.php?rest_route=\/wp\/v2\/media\/6934"}],"wp:attachment":[{"href":"https:\/\/lafamilia.com.ar\/index.php?rest_route=%2Fwp%2Fv2%2Fmedia&parent=6933"}],"wp:term":[{"taxonomy":"product_cat","embeddable":true,"href":"https:\/\/lafamilia.com.ar\/index.php?rest_route=%2Fwp%2Fv2%2Fproduct_cat&post=6933"},{"taxonomy":"product_tag","embeddable":true,"href":"https:\/\/lafamilia.com.ar\/index.php?rest_route=%2Fwp%2Fv2%2Fproduct_tag&post=6933"}],"curies":[{"name":"wp","href":"https:\/\/api.w.org\/{rel}","templated":true}]}}