{"id":6949,"date":"2024-04-05T11:32:43","date_gmt":"2024-04-05T14:32:43","guid":{"rendered":"https:\/\/lafamilia.com.ar\/?post_type=product&#038;p=6949"},"modified":"2025-06-13T11:15:06","modified_gmt":"2025-06-13T14:15:06","slug":"chicle-topline-seven-sandia-x-16-un","status":"publish","type":"product","link":"https:\/\/lafamilia.com.ar\/?product=chicle-topline-seven-sandia-x-16-un","title":{"rendered":"Chicle Topline Seven Sand\u00eda x 16 uni"},"content":{"rendered":"<p>Chicles Topline Seven Sand\u00eda 14gr Caja 16 unidades.<\/p>\n","protected":false},"excerpt":{"rendered":"<p>\u00a1Descubre el delicioso sabor de la sand\u00eda con los chicles Topline 7 Sand\u00eda! Estos chicles te brindar\u00e1n una explosi\u00f3n refrescante y afrutada en cada masticada. Cada caja contiene 16 unidades de chicles Topline Seven Sand\u00eda, perfectos para disfrutar en cualquier momento del d\u00eda. Con un peso de 14 gramos, podr\u00e1s llevarlos contigo a donde quieras y compartirlos con tus amigos. Adem\u00e1s, su presentaci\u00f3n en caja los hace ideales para regalar. \u00a1No te resistas a la tentaci\u00f3n y a\u00f1ade estos chicles a tu carrito de compras!<\/p>\n<p>\u2013 Delicioso sabor a sand\u00eda<br \/>\n\u2013 Refrescante y afrutado<br \/>\n\u2013 Caja con 16 unidades<br \/>\n\u2013 Peso de 14 gramos<br \/>\n\u2013 Ideal para regalar o compartir con amigos.<\/p>\n","protected":false},"featured_media":11253,"template":"","meta":{"_uag_custom_page_level_css":"","_monsterinsights_skip_tracking":false,"_monsterinsights_sitenote_active":false,"_monsterinsights_sitenote_note":"","_monsterinsights_sitenote_category":0,"_joinchat":[]},"product_cat":[39,22],"product_tag":[],"jetpack_sharing_enabled":true,"uagb_featured_image_src":{"full":["https:\/\/lafamilia.com.ar\/wp-content\/uploads\/2024\/04\/20241010-10918.webp",600,600,false],"thumbnail":["https:\/\/lafamilia.com.ar\/wp-content\/uploads\/2024\/04\/20241010-10918-150x150.webp",150,150,true],"medium":["https:\/\/lafamilia.com.ar\/wp-content\/uploads\/2024\/04\/20241010-10918-300x300.webp",300,300,true],"medium_large":["https:\/\/lafamilia.com.ar\/wp-content\/uploads\/2024\/04\/20241010-10918.webp",600,600,false],"large":["https:\/\/lafamilia.com.ar\/wp-content\/uploads\/2024\/04\/20241010-10918.webp",600,600,false],"1536x1536":["https:\/\/lafamilia.com.ar\/wp-content\/uploads\/2024\/04\/20241010-10918.webp",600,600,false],"2048x2048":["https:\/\/lafamilia.com.ar\/wp-content\/uploads\/2024\/04\/20241010-10918.webp",600,600,false],"woocommerce_thumbnail":["https:\/\/lafamilia.com.ar\/wp-content\/uploads\/2024\/04\/20241010-10918-300x300.webp",300,300,true],"woocommerce_single":["https:\/\/lafamilia.com.ar\/wp-content\/uploads\/2024\/04\/20241010-10918-300x300.webp",300,300,true],"woocommerce_gallery_thumbnail":["https:\/\/lafamilia.com.ar\/wp-content\/uploads\/2024\/04\/20241010-10918-100x100.webp",100,100,true]},"uagb_author_info":{"display_name":"lafamilia.com.ar","author_link":"https:\/\/lafamilia.com.ar\/?author=0"},"uagb_comment_info":0,"uagb_excerpt":"\u00a1Descubre el delicioso sabor de la sand\u00eda con los chicles Topline 7 Sand\u00eda! Estos chicles te brindar\u00e1n una explosi\u00f3n refrescante y afrutada en cada masticada. Cada caja contiene 16 unidades de chicles Topline Seven Sand\u00eda, perfectos para disfrutar en cualquier momento del d\u00eda. Con un peso de 14 gramos, podr\u00e1s llevarlos contigo a donde quieras&hellip;","_links":{"self":[{"href":"https:\/\/lafamilia.com.ar\/index.php?rest_route=\/wp\/v2\/product\/6949"}],"collection":[{"href":"https:\/\/lafamilia.com.ar\/index.php?rest_route=\/wp\/v2\/product"}],"about":[{"href":"https:\/\/lafamilia.com.ar\/index.php?rest_route=\/wp\/v2\/types\/product"}],"wp:featuredmedia":[{"embeddable":true,"href":"https:\/\/lafamilia.com.ar\/index.php?rest_route=\/wp\/v2\/media\/11253"}],"wp:attachment":[{"href":"https:\/\/lafamilia.com.ar\/index.php?rest_route=%2Fwp%2Fv2%2Fmedia&parent=6949"}],"wp:term":[{"taxonomy":"product_cat","embeddable":true,"href":"https:\/\/lafamilia.com.ar\/index.php?rest_route=%2Fwp%2Fv2%2Fproduct_cat&post=6949"},{"taxonomy":"product_tag","embeddable":true,"href":"https:\/\/lafamilia.com.ar\/index.php?rest_route=%2Fwp%2Fv2%2Fproduct_tag&post=6949"}],"curies":[{"name":"wp","href":"https:\/\/api.w.org\/{rel}","templated":true}]}}